ctors of z.
2, 17
Let l be -21 + 4 + -3 + 1. Let w = -16 - l. What are the prime factors of w?
3
Let n be (2136/48)/(-2 - (-7)/4). Let j = n + 339. List the prime factors of j.
7, 23
Let z(u) = -9*u - 2. Let j be (-10)/(-4)*(-4)/5. Let o = -1 + j. What are the prime factors of z(o)?
5
Let q(g) = g**3 - 10*g**2 - g + 13. Let n be q(10). List the prime factors of n/9 - 390/(-18).
2, 11
Let z(u) = u + 142. Let a be z(0). Let y(o) = o**2 - 16*o - 16. Let k be y(17). List the prime factors of a/10 + k/(-5).
2, 7
Let r be -4*((-6)/4 - -1). Let w = -1 - -2. Suppose -r*n = -p + 6*p - w, 2*p = 2*n - 22. List the prime factors of n.
2
Let t = -22 - -26. Let c be 274/6 + t/12. Suppose 5*a + c = 206. List the prime factors of a.
2
Suppose -685 = 2*m - s, -5*s = -2*m - s - 670. Let h = -217 - m. Suppose 3*g = -i + h, 4*g - 2*i + 26 - 190 = 0. List the prime factors of g.
2, 3, 7
Let p(x) = 48*x + 17. Let y(q) = -48*q - 16. Let f(k) = -5*p(k) - 6*y(k). What are the prime factors of f(5)?
251
Let o = -27 + 44. Let p = o + 50. What are the prime factors of p?
67
Let a be ((-15)/10)/(1/62). Let p = 142 + a. Let u = -20 + p. What are the prime factors of u?
29
Suppose -3*u - 5 = -8*u. Let r(i) = -16*i**3 + i**2 + i - 1. Let c be r(u). What are the prime factors of (-8)/2 - -3 - c?
2, 7
Suppose 0 = 290*p - 294*p + 3128. List the prime factors of p.
2, 17, 23
Suppose b = -3, q - b - 13 = -q. Suppose 27 = q*d - 5*a - 73, 0 = 5*d + 4*a - 100. List the prime factors of d.
2, 5
Suppose 3*d = 69 + 153. What are the prime factors of 1*d + (-12)/((-24)/(-4))?
2, 3
Let u(a) be the third derivative of 5/3*a**3 + 0 + 0*a - 3*a**2 + 1/24*a**4. List the prime factors of u(8).
2, 3
Suppose 5*m = 3 + 7. Suppose -r + 2*r + 4*l - 6 = 0, 0 = 4*l - 4. Suppose -m*u = -3*u + r. List the prime factors of u.
2
Let a = 1572 + -159. What are the prime factors of a?
3, 157
Suppose -36*y + 7656 = -14*y. What are the prime factors of y?
2, 3, 29
Suppose 0*f - 2*f = -6. Suppose -f*l = -12, -6*l = -y - 7*l + 16. List the prime factors of y.
2, 3
Let w be ((-112)/(-42))/(4/(-6)). What are the prime factors of (-45)/(-60) + (-73)/w?
19
Suppose 31*i - 27*i = 296. What are the prime factors of i?
2, 37
Let o = 9 + -3. Let l = -4 + o. What are the prime factors of (4 - 2)/l*15?
3, 5
Suppose 3*u + 2*x + 1020 = 3550, -3*u = -4*x - 2500. List the prime factors of u.
2, 3, 5, 7
Let v(r) = 8*r**2 - 14*r + 252. What are the prime factors of v(14)?
2, 7, 29
Let k = 35 + -74. Let d = 91 - k. Suppose 2*c = d - 8. What are the prime factors of c?
61
Let t = 8 - 11. Let k be (82/6)/((-1)/t). Suppose 0 = -2*v + k - 5. List the prime factors of v.
2, 3
Let p = 1000 - 591. Suppose 5*d - p = -159. Let m = 74 - d. What are the prime factors of m?
2, 3
Suppose -4*s - 649 - 500 = 3*j, 2*s - 5*j = -607. Let z = 425 + s. List the prime factors of z.
2, 67
Suppose -5*n + 237 - 1067 = 0. Let u = n - -309. What are the prime factors of u?
11, 13
Let g(j) = 95*j + 9. What are the prime factors of g(4)?
389
Suppose 0*m + m - 4 = 0. Suppose 4*y - 2*d - 452 = 0, -4*y + 384 = -3*d - 66. Suppose -b + m*b = y. List the prime factors of b.
2, 19
Let q be ((-5)/((-45)/6))/((-4)/24). List the prime factors of ((-2)/q)/((-16)/(-4512)).
3, 47
Suppose 2*r - 8 = 0, 4*r = -5*h - 0*r + 26. Let k be 6/(-3) + h + 0. Suppose 0 = -k*t + t - 22. List the prime factors of t.
2, 11
Let a(r) = 2*r**2 + 38*r + 25. List the prime factors of a(-28).
23
Suppose -3*j - 5*n = -494, 4*n - 84 = -j + 69. What are the prime factors of j?
173
Let z = 1717 + 651. List the prime factors of z.
2, 37
Let b be (-3)/12 - 1099/(-28). Suppose -4*y - b = -5*o - 12, 0 = 3*o - 9. What are the prime factors of (1 + y)/(3/(-78))?
2, 13
Suppose 9*n - 7*n = 10518. List the prime factors of 4/18 + (n/27 - -1).
2, 7
Let b(k) be the third derivative of k**5/30 - k**4/24 + 13*k**3/6 + 21*k**2. List the prime factors of b(6).
79
Let k = 13 + -16. Let g(i) = 3*i**2 - i + 1. List the prime factors of g(k).
31
Let x be 140/(-3)*(-24)/10. Let v = -67 + x. List the prime factors of v.
3, 5
What are the prime factors of (4026/(-15) - 2/(-5))*-1?
2, 67
Let d(v) = v**3 + 3*v**2 + v + 1. Let y(o) = o - 8. Let a = -3 + 9. Let i be y(a). What are the prime factors of d(i)?
3
Suppose -4*a - 3*s + 32 = -478, -a = -3*s - 120. Suppose 0 = 3*k + 3*i - 195, -2*i = -3*k + k + a. List the prime factors of k.
2
Suppose -16 = -4*j + 120. Suppose 9 = 5*d - 1. Suppose -d*v = 4*x - j, 2*v + 3*v = -2*x + 125. List the prime factors of v.
3
Let w = -743 - -2075. What are the prime factors of w?
2, 3, 37
Suppose -3*c + 10 + 26 = 0. Let i be 29 + 3/c*0. Let v = 68 - i. What are the prime factors of v?
3, 13
List the prime factors of (36/(-15))/(12/400)*-8.
2, 5
Let s(x) = x**2 - 3*x - 34. Let i be s(0). Let m = i + 51. What are the prime factors of m?
17
Let p be 3/6*4 + -3. Let b(q) = -9*q**3 + q**2 + 2*q + 2. What are the prime factors of b(p)?
2, 5
Suppose -38 - 4 = -7*m. List the prime factors of (5 - (m + -3))/2 + 45.
2, 23
Suppose 4*b = 20, 61 = -4*s - 5*b + 10. Let r = s + 26. List the prime factors of r.
7
Let k(t) = 3*t**2 + 55*t + 37. What are the prime factors of k(-28)?
3, 283
Let z be (1 - -1) + (-4)/(-4). Suppose -315 = -z*b - 33. What are the prime factors of b?
2, 47
Let h(l) be the first derivative of 77*l**2/2 + 3*l - 6. What are the prime factors of h(1)?
2, 5
Let b(w) = 2*w**2 - 8*w - 13. Let p be b(-12). Suppose -q + 94 = m - 90, -p = -2*m + q. What are the prime factors of m?
5, 37
Let j = -3297 + 4902. List the prime factors of j.
3, 5, 107
Let x(n) = 3*n**2 + 2*n. Let l be x(2). Let y = -1 - l. Let m = y - -27. What are the prime factors of m?
2, 5
Let s(a) be the second derivative of -a**5/20 - 5*a**4/12 - 2*a**3/3 - 15*a**2/2 - 34*a. List the prime factors of s(-8).
11, 19
Suppose -5*v - 126 - 94 = 0. Let z = -15 - v. What are the prime factors of z?
29
Let k be (2/3)/((-3)/(-9)). What are the prime factors of 27/(-63) - (k + (-1756)/14)?
3, 41
Let z(r) = -6*r - 4. Let n be z(-2). Suppose -n*q - 4*q + 252 = 0. What are the prime factors of q?
3, 7
Suppose 0 = 3*v + k - 3*k - 212, k = -v + 74. What are the prime factors of v + 4 + 4 + -4?
2, 19
What are the prime factors of 9/(-12) + ((-12681)/(-12) - 2)?
2, 17, 31
Let j(r) = 28*r + 155. List the prime factors of j(8).
379
Let u = 1697 - 1005. List the prime factors of u.
2, 173
Let r(s) = 94*s**2 + 34*s + 187. What are the prime factors of r(-6)?
7, 13, 37
Let h = -13 - -18. What are the prime factors of (-6)/(-15) + 373/h?
3, 5
Let i(o) = o**2 - 7*o + 8. Let z = 8 + -2. Let d be i(z). Suppose 63 = d*x + 3. List the prime factors of x.
2, 3, 5
Let c(k) = -22*k + 28. What are the prime factors of c(-10)?
2, 31
Let z = 453 + -287. What are the prime factors of z?
2, 83
Suppose 4*s = 4*l + 3 - 31, -l = -2*s - 6. List the prime factors of l.
2
Let w = 1205 - 582. List the prime factors of w.
7, 89
Suppose -4*d = -3*n + 184, -195 = -5*n - 5*d + 65. Suppose 5*k - n = 79. Suppose -w = -0*w + 2*c - 9, 5*c = 3*w - k. What are the prime factors of w?
3
Suppose 0 = -3*o + 5*y - 4 - 2, 0 = -2*o - y + 9. Suppose 0 = -o*w + 3*m + 156, m + 0*m + 248 = 5*w. What are the prime factors of w?
7
Suppose 2052 = 6*s - 12*s. Let f = s - -647. What are the prime factors of f?
5, 61
Let o(g) = g**3 - 8*g**2 - 4*g - 10. Suppose 19*b - 9 = 18*b. Let f be o(b). Suppose j + 0*j = f. What are the prime factors of j?
5, 7
Let b = 20 + -20. Let n be 3 + b + -39 - 2. List the prime factors of 8/(-24) - n/6.
2, 3
Let b(z) = z**3 + z**2 - 2*z. Let m be b(-2). Suppose -q + 7 + 35 = m. List the prime factors of q.
2, 3, 7
Suppose 2*t + t - 7 = -5*l, 2*t = l + 9. Let k = -166 - -42. List the prime factors of k*l*(-4)/(-16).
31
Suppose -a = -3, -75 = 2*q - 5*a - 244. Suppose -y + 5*y = q. What are the prime factors of y?
23
Let k = -20 + 22. Suppose -c + 5*r - 19 = -4*c, 0 = k*r + 2. List the prime factors of c.
2
Let a = 106 + -50. Suppose -a = 3*s - 365. What are the prime factors of s?
103
Let z be (-22)/(-4) + (-1)/(-2). Let x be (-2)/(-7)*(z + 1). What are the prime factors of 2/x - (-45 + -5)?
3, 17
Suppose 0 = -4*j - 16, -l + 146 + 171 = 3*j. List the prime factors of l.
7, 47
Let l(h) = 2*h**3 + 17*h**2 + 9*h + 13. Let m be l(-8). Suppose m*o - 17*o 